 r. List the prime factors of g.
2, 3
Suppose 3*b - 2*b = -5*j - 6, 5*j + 2 = -2*b. Let y be (j/(-5))/(2/10). Suppose 45 = 3*i + y*i. What are the prime factors of i?
3
Suppose 4*r = r - 3. Let q(d) = -9*d - 1. What are the prime factors of q(r)?
2
Let u be (-4 - (1 - -1))*4/(-6). Suppose 0*f - 5*f + 25 = 0, 0 = -3*g + 2*f + 140. Suppose u*d = 5*o - g, d - 52 = -3*o - d. What are the prime factors of o?
2, 7
Let n(q) = -5*q**3 - 2*q**2 + 2*q + 2. List the prime factors of n(-4).
2, 3, 47
Let a(i) = 7*i**2 + i + 3. Let m be a(-2). Suppose 0 = -l - 2*d + 7 + m, 140 = 5*l + 2*d. What are the prime factors of l?
2, 13
Let x = 8 - 4. Suppose -x*u = -2*u - 94. What are the prime factors of u?
47
Let y(w) = -w**2 - w + 4. Let n be y(0). Suppose n*b - 14 - 58 = 0. What are the prime factors of b?
2, 3
Suppose -5*a + 145 = 4*l, -l - 2*l + 105 = 3*a. What are the prime factors of l?
2, 3, 5
Let x be (-6)/9 + (-44)/6. Let u(g) = g**2 + 7*g + 7. List the prime factors of u(x).
3, 5
Let z(m) = -m**3 - 9*m**2 - 11*m - 2. Let u be (-7)/21 - 23/3. What are the prime factors of z(u)?
2, 11
Let u = -2 - 0. Let j be 4 - -2*u/(-4). Suppose b - 2 = -p + 3*b, -j*p - 5*b + 70 = 0. List the prime factors of p.
2, 5
Suppose -3*p + 8 = -p. Suppose 4*k - 3*s - 40 = 0, 18 = -p*s + 2. Let n(c) = c**3 - 8*c**2 + 7*c + 6. List the prime factors of n(k).
2, 3
Let u = 56 + 92. List the prime factors of u.
2, 37
What are the prime factors of (-3185)/(-30) + 1/(-6)?
2, 53
Let m be 3 - 2/((-8)/(-308)). Let u = -46 - m. List the prime factors of u.
2, 7
What are the prime factors of (12/18)/((-4)/(-396))?
2, 3, 11
Suppose v + 4*v = 3*m - 14, -m + 7 = -4*v. Suppose 0*o = m*o - 153. What are the prime factors of o?
3, 17
Let n(a) be the third derivative of a**5/15 - a**4/24 + a**3/6 + a**2. What are the prime factors of n(1)?
2
What are the prime factors of 152 - (-3 - (-4 - 0))?
151
Let v(m) be the second derivative of -2*m + 0 + 5/12*m**4 + 2*m**2 + 1/20*m**5 + 1/2*m**3. List the prime factors of v(-4).
2
Suppose -1 = 2*w + 5. Let j be (-37)/w - 2/6. Let l = j - 7. List the prime factors of l.
5
Let a be (-4)/((-8)/(-6)) + -43. List the prime factors of a/(-6) - 2/3.
7
Suppose -i + 193 = -0*j + 3*j, 2*j + i - 127 = 0. What are the prime factors of j?
2, 3, 11
Let s = 7 - 4. What are the prime factors of 5/(-1 + s/2)?
2, 5
Let j(s) = -3*s**3 - 7*s**2 - 7. Let m be j(-5). Suppose m = 5*u + 2*p, -192 + 19 = -5*u + 3*p. List the prime factors of u.
37
Suppose -2*i + 15 = -49. What are the prime factors of i?
2
Let p(i) = 3*i - 6. Let w be p(4). Let n be (1 - w/10)*-5. List the prime factors of 1 + 13 + n + 0.
2, 3
Let u be (9 - -3)*(-2)/(-6). Let m(x) = -x**2 - 5*x - 2. Let t be m(-4). What are the prime factors of (t - u)/((-1)/4)?
2
Let z(h) = h**3 + 8*h**2 + 8*h + 1. What are the prime factors of z(-6)?
5
Let k be 2 - -23*(1 - 0). Let n = 41 - k. Suppose y + 2 = n. What are the prime factors of y?
2, 7
Let z(q) = -q**3 - 6*q**2 - 4*q + 10. List the prime factors of z(-5).
5
Let a be (3*(-21)/(-9))/(-1). Let l = a + 10. What are the prime factors of l?
3
Let v(y) be the second derivative of -y**4/12 - 7*y**3/6 - y. Let f be v(-8). Let d = 18 + f. What are the prime factors of d?
2, 5
Let z(f) = -f + 6. Let m be z(6). Suppose m = -b - 2, -3*b + 46 = 2*x - b. List the prime factors of x.
5
Let b be 36/8 + (-4)/8. Let c be (-2)/6 + 4/12. Let f = b + c. List the prime factors of f.
2
Let u(j) = -j**2 - 16*j - 12. What are the prime factors of u(-13)?
3
Let n = 8 - 6. Let l(i) = 10*i - 2. Let a be l(n). Suppose -2*o + 5*p - 2*p = -a, -40 = -4*o + 4*p. List the prime factors of o.
2, 3
What are the prime factors of 58/3 + (-6)/18?
19
Let q = -112 + 165. What are the prime factors of q?
53
Let a = -1 - -3. Let b(m) = -3*m + m**a + 3*m + 5*m - 4. List the prime factors of b(-7).
2, 5
Let r = -51 - -72. What are the prime factors of r?
3, 7
Suppose 14 = 2*h + 6. List the prime factors of (-1 + 0 - h)*-1.
5
Let m(a) = a + 14. Let b be m(-10). Suppose 5*k - k + b = 0. Let w(h) = -13*h**3 + h**2 + h. List the prime factors of w(k).
13
Let s(i) = -4*i - 5*i + 3*i + 4*i + 1. What are the prime factors of s(-5)?
11
Let f(b) be the second derivative of b**3/6 - b**2/2 + 2*b. Let j be f(2). Suppose x = 2 + j. List the prime factors of x.
3
Suppose 0 = -0*t - t + 2. Suppose -t*f + 16 = 2*f. Suppose 0 = l - 3*v - 32, -15 - 22 = -l + f*v. What are the prime factors of l?
17
Let x be 4/(-2) + 3 - -5. Suppose -5*i - a + 5 = -x*a, 0 = -5*i + a + 21. Suppose -4*n = -i*n + 8. List the prime factors of n.
2
List the prime factors of (-48)/(-2) - (-7 + 4).
3
Let m = 15 - 7. What are the prime factors of (-11)/(-2)*m/4?
11
Suppose -6*j = -9*j + 36. List the prime factors of 3 - ((-8)/4 - j).
17
Let q = 5 + -11. Let n = q - -10. What are the prime factors of n?
2
Suppose 1 = 3*t + 4. Let w be (-1 + t)/(4/(-6)). Suppose -w*d - 2 = -8. What are the prime factors of d?
2
Suppose 3*q = 28 + 116. What are the prime factors of q?
2, 3
Let g(d) = 4*d**2 + 2*d - 2. What are the prime factors of g(8)?
2, 3, 5
Let u be (-9)/(-6) + (-21)/2. Let j = 6 - u. List the prime factors of j.
3, 5
Suppose 3*m + c - 26 = -2*m, 2*m = 4*c + 6. Suppose q - 9 - m = 0. Let n = q + -8. What are the prime factors of n?
2, 3
Suppose 4*j = 2*x - 196 - 178, -2*x + 2*j = -368. What are the prime factors of x?
181
Suppose 5*k = u - 2*u - 16, 0 = -4*k - 16. Let t(f) = f**2 + f + 1. Let n(y) = 5*y**2 + 9*y + 7. Let h(a) = u*t(a) - n(a). List the prime factors of h(-3).
3
Suppose -40 = -2*n + 2*j, 6 = -4*n - 4*j + 78. List the prime factors of n.
19
Let t = 24 + -2. What are the prime factors of t?
2, 11
What are the prime factors of 62/8*3 - (-6)/8?
2, 3
Let q(j) = -20*j - 37. What are the prime factors of q(-7)?
103
What are the prime factors of -21*(0 + -2)*(-6)/(-4)?
3, 7
Let a(x) be the second derivative of -x**4/12 + 5*x**3/6 - x**2/2 + 3*x. Let z(v) = -v**3 + 3*v**2 - 2. Let t be z(2). What are the prime factors of a(t)?
5
Suppose 2 - 17 = -5*j. Suppose j*h - h - 4 = 0. Suppose -4*w = -42 - h. What are the prime factors of w?
11
Let d(j) be the first derivative of 3*j**2/2 - j - 4. List the prime factors of d(8).
23
Let n(h) = -h**3 - h**2 + 1. Let x be n(-2). Suppose 3*v + 3*u - 30 = 0, 0 = -5*v - u + 6 + 32. Let q = v - x. What are the prime factors of q?
2
Let a(y) = -2*y**2 - 2*y - 1. Let t(m) = -m**2 - m. Let v(w) = -2*a(w) + 3*t(w). Let n be v(-4). What are the prime factors of 4/14 + 52/n?
2
Suppose 0*l = 2*l - 10. Suppose 0 = -2*w + l*w - 30. List the prime factors of w.
2, 5
Let m = -171 - -243. List the prime factors of m.
2, 3
Let l be (5/(-3) + 2)*15. Suppose y = 2*k + 10, -l*k - 9 = -2*y + 16. Suppose 8 = d - y. What are the prime factors of d?
2
List the prime factors of (-1692)/(-20) - 6/10.
2, 3, 7
Let s = -43 - -61. List the prime factors of s.
2, 3
What are the prime factors of 2002/99 + 4/(-18)?
2, 5
Let k(x) = -x**2 - 11*x - 11. Let c be k(-7). Suppose b - c = 7. What are the prime factors of b?
2, 3
Let x be 1*(-2 + (-2)/(-2)). Let a be ((-5)/2)/(x/2). Suppose t - a*k + 20 = 55, 4*t = -k + 35. List the prime factors of t.
2, 5
Let u(n) = 2*n**2 - 26*n + 21. What are the prime factors of u(17)?
157
Let r be (1 - -1) + (4 - 4). List the prime factors of r/9 - 671/(-99).
7
Suppose h + 4*k = -2, 4*h - 6*k - 97 = -k. What are the prime factors of h?
2, 3
Let q(z) = -31*z - 1. Let c be q(1). Let o = -23 - c. What are the prime factors of 5 + (-3)/o*-3?
2, 3
Suppose -g - g = -144. What are the prime factors of g?
2, 3
Suppose 5*v = -2*p + 55 + 242, 483 = 3*p - 5*v. List the prime factors of p.
2, 3, 13
Suppose -h + 5*z + 13 = -4*h, -h - 5*z = 21. Suppose -h*q + 12 = -q. List the prime factors of q.
2
Let r(q) = 6*q - 11. Let v(t) = 11*t - 21. Let i(n) = -10*n + 20. Let l(b) = -2*i(b) - 3*v(b). Let x(h) = 3*l(h) + 7*r(h). List the prime factors of x(7).
13
Suppose 0 = 4*t + 2*t - 450. List the prime factors of t.
3, 5
Suppose -5*c + 2*o = -10, 14 = 4*c - 3*o - 1. Suppose -2*f - 5*x + 39 = c, 0*x + 6 = 2*x. List the prime factors of f.
2, 3
Suppose -6*j = -167 - 67. List the prime factors of j.
3, 13
Suppose -5*q + 138 = -4*w, 5*w - 2 = 2*q - 64. List the prime factors of q.
2, 13
Let w(h) be the third derivative of -h**5